Suppose b + 20 = w. Calculate the greatest common factor of w and 60.
12
Let s(z) = z**3 + 10*z**2 + 8*z - 2. Let j be s(-9). Suppose 2*n - j*n = -400. Calculate the greatest common divisor of n and 10.
10
Let k be ((-8)/(-6))/((-15)/(-540)). Calculate the greatest common factor of k and 12.
12
Let i be (-5 - 55/(-10)) + (-311)/(-2). What is the greatest common factor of i and 52?
52
Suppose 2*u - 3*p = -4*p + 5, 0 = 2*u - 5*p - 35. Let v be 4 + 1*-2 + 3. Calculate the highest common factor of v and u.
5
Suppose 0 = -3*z + 77 + 1. Calculate the highest common divisor of z and 26.
26
Let y(w) = -w**3 + 7*w**2 + 3*w + 9. Let d be y(7). What is the greatest common divisor of 30 and d?
30
Suppose 5*t + 66 = 7*t. Suppose -5 = -n + 4*p, 4*p + 15 = 3*n + 3*p. Let v = n + t. What is the greatest common factor of v and 95?
19
Suppose 2*w + 4*j = -2*w + 360, -452 = -5*w - 3*j. What is the greatest common divisor of w and 13?
13
Let f = -8 + 15. What is the highest common divisor of 35 and f?
7
Suppose -3*f = 2*f - 60. Let g = -37 + 67. Calculate the greatest common divisor of g and f.
6
Let o = 125 - 58. Suppose -3*y + o = -17. Let h = 49 + -35. Calculate the greatest common divisor of h and y.
14
Suppose 5*n = -3*k + 16, 2 + 8 = 5*n. Suppose -142 = -2*p + k*v, 3*v + 73 = 4*p - 3*p. What is the highest common divisor of 10 and p?
10
Let r be -3*(-4)/(-18) + 94/6. Let h be (1/2)/(2/240). What is the greatest common divisor of r and h?
15
Suppose 137 = 4*y + 5. Calculate the greatest common factor of 231 and y.
33
Let h be (-3725)/(-175) - ((-8)/14)/(-2). Suppose 0 = -4*i + i + 9. What is the greatest common divisor of h and i?
3
Suppose -4 + 28 = 2*p - 4*f, 0 = p - f - 16. Suppose 0 = -u + 5*c + 245, 0 = -3*u + 5*c - 288 + 973. What is the greatest common factor of u and p?
20
Suppose -2*t - 19 + 63 = 0. Let a = 1 + t. Suppose 3*n - 116 = 22. What is the highest common divisor of n and a?
23
Let m be (-11)/(3 - 2 - 2). Let b(g) be the third derivative of 19*g**5/15 + g**4/24 + g**2. Let v be b(1). What is the highest common factor of m and v?
11
Let d = -1 - -13. Let y = -4 + 6. Let t be y*48/(4 - 0). Calculate the highest common factor of t and d.
12
Let d be 12*(6/4)/3. What is the highest common divisor of d and 66?
6
Let f(i) = -i**2 + 16*i + 3. Let w be f(16). Suppose -5*d + 101 = -w*h, -2*d = -0*h - h - 41. Calculate the greatest common factor of d and 154.
22
Suppose -5*w + 72 = v, 2*w - 9 = 5*v + 36. What is the greatest common factor of 15 and w?
15
Let l be (-5 - 5)*(-2)/4. Suppose l = y + 4*y. Let s = 53 - y. What is the greatest common factor of s and 13?
13
Suppose -2 + 15 = w. Let d = w - -2. Calculate the highest common factor of 105 and d.
15
Let y be ((-2)/3)/(2/(-9)). Suppose 0 = y*q + 6 - 249. Suppose -h = -5 - 4. What is the highest common divisor of h and q?
9
Let v(d) = d + 8. Let l be v(-4). Suppose 5*h - 11 = 2*o - 1, -4*o = 5*h - 10. Suppose o = n + 2*n - 84. Calculate the highest common divisor of n and l.
4
Let o(i) = -2*i + 7. Let z be o(5). Let q = 1 - 8. Let w = z - q. Calculate the greatest common divisor of w and 36.
4
Suppose 17 = 3*o - 16. Calculate the greatest common divisor of 187 and o.
11
Let p(n) = n**2 + 6*n + 8. Let r be p(-6). Suppose 4*l - r = 2*l. Let h be (30/(-25))/(l/(-10)). Calculate the highest common factor of h and 6.
3
Suppose 0*c = -4*q - c + 226, -q = 3*c - 62. Let w be 5/(2/(-2) + 2). Suppose w*k - 14 - 56 = 0. What is the greatest common factor of k and q?
14
Suppose 18 + 86 = 4*w. What is the highest common factor of w and 26?
26
Suppose -3*j = 4*v + 33 - 189, 0 = j - 2*v - 52. Let y be (-4)/(-26) + 512/j. Calculate the highest common divisor of y and 2.
2
Let h = 69 - -63. What is the greatest common factor of 99 and h?
33
Let x = -2 + 4. Suppose -83 = 5*k - 4*h - 395, 4*k - 2*h - 252 = 0. Suppose k = 3*a + a. Calculate the highest common divisor of x and a.
2
Let u(r) = 14*r**2 + 4. Let a be u(-2). What is the greatest common factor of 15 and a?
15
Let m(s) = -s**3 - 10*s**2 - 2*s - 15. Let x be m(-10). Let u(f) = -f**3 + 9*f**2 - f - 5. Let p be u(x). What is the highest common divisor of p and 10?
10
Let c(w) = -w**3 + 7*w**2 - 7*w + 2. Let o be c(5). Calculate the highest common divisor of 68 and o.
17
Let j be (28/(-20))/((-2)/10). Suppose 10 = -2*d + j*d. Let b be (d - 0)/(2/8). What is the highest common factor of b and 2?
2
Let p(x) = x**2 - 25*x - 20. Let w be p(29). What is the highest common divisor of 24 and w?
24
Suppose 0 = 3*a - 2*m - 1, a + 7 = 2*a + m. Suppose 2*k = a*t - 49, -5*k + 4*k - 2 = 0. Let g = -6 + t. What is the highest common divisor of 18 and g?
9
Let z(f) = f**2 - 5. Let n be z(-10). Suppose -3*c + 90 = 3*g, -5*g = -g - c - n. Calculate the highest common factor of g and 5.
5
Suppose 5*d + 3*j - 576 = 0, d = 3*d + 3*j - 225. Let n be 4 + -6 + 0 + 15. Calculate the highest common divisor of n and d.
13
Let v(t) = t**2 - 3*t - 10. Let m be v(7). Let f = 208 + -118. Calculate the highest common divisor of f and m.
18
Suppose -2*c = c - 15. Let t(o) = -o**3 + 4*o**2 + 4*o + 7. Let s be t(c). Let r = 23 - 15. Calculate the highest common divisor of s and r.
2
Let v(o) = 11*o**2 - 2*o - 1. Let x be 0/(-2) - (-2 + 3). Let i be v(x). Suppose -72 = -6*n + 2*n. What is the highest common factor of n and i?
6
Suppose s - q = -3*q + 11, -q = -2*s - 3. Let a be 26*(2 - 1/s). Suppose 325 = -2*j + 7*j. What is the greatest common factor of j and a?
13
Let i(s) = -5*s + 9*s + 8 - 2*s - s**2. Let x be i(0). What is the greatest common factor of x and 56?
8
Suppose 5*t = -5*l + 535, -2*l - 4*t + 0*t + 204 = 0. Let y be 2 + 1/((-3)/(-36)). What is the greatest common divisor of l and y?
14
Suppose -7*y + 2369 = -2*y - 2*w, -2*y = -4*w - 938. Suppose -y = -4*x + 29. What is the greatest common divisor of x and 18?
18
Suppose -5*i + 2*i - 34 = -4*m, -5*i = -10. Let j be (-21)/(-35) - (-954)/m. What is the highest common factor of 24 and j?
24
Suppose -31 = 5*r - 106. Suppose 0 = 10*z - 11*z + 30. What is the highest common factor of z and r?
15
Let n = 3 + 2. Let l = 14 - n. Suppose -20 = -2*h + 2*k, 4*h - 5*k = 3*h + 14. Calculate the greatest common factor of h and l.
9
Let h = 889 + -403. What is the highest common divisor of h and 54?
54
Let w be 1/(2 - 3) - -1. Suppose w*u = -4*u + 36. Let z = 91 - 46. What is the highest common factor of z and u?
9
Let v = 68 - 41. Let q be (-2)/(-9) + 21/v. Suppose w = -3*r + 35, 0 = -2*r + 5*w - q + 30. Calculate the greatest common divisor of r and 36.
12
Let p be (-5)/(50/144)*40/(-12). Calculate the highest common divisor of p and 144.
48
Suppose -3 - 7 = -2*r. Suppose 2*m + 3*i - 142 = 1077, -3 = 3*i. Suppose r*n - m = -t - t, 0 = -t + 3. What is the greatest common divisor of n and 11?
11
Let n(j) = j**3 - 10*j**2 + 10*j - 6. Let b be n(9). Let o be (2/(-4))/(b/(-126)). Calculate the highest common factor of 14 and o.
7
Let d be 24 + 3 + (9 - 6). Calculate the highest common factor of 48 and d.
6
Let x = -3 - -8. Suppose x*f = 6*f - 5. Suppose 3*w - 38 - 27 = -k, -f*k - 27 = -w. What is the highest common divisor of 2 and w?
2
Suppose 0 = 4*b - 8*b - 12, g - 5*b - 42 = 0. Calculate the greatest common factor of 297 and g.
27
Let g be (-1 - 1/2)*-2. Suppose -4*v + 4*i = -28, -g*v = -4*i + 2*i - 17. Calculate the highest common factor of 9 and v.
3
Suppose -3*t + t = -866. Suppose 4*n = 3*p + t, n - 40 - 67 = p. Calculate the greatest common factor of n and 28.
28
Let o be -20*(-3)/12 - -5. Calculate the highest common factor of 2 and o.
2
Suppose 2*u + 4 = -d, d + 1 = 2*u - 3*u. Suppose -76 = -2*x - 28. Let s = x - u. What is the greatest common factor of 3 and s?
3
Let t = 100 - 63. What is the greatest common factor of t and 407?
37
Suppose 0 = -4*x - 2*y - 3*y + 88, -2*x + 46 = 2*y. Calculate the greatest common factor of x and 3.
3
Suppose -3*d = -1 - 2. Let l = 4 + d. What is the greatest common factor of 5 and l?
5
Suppose 4*h + 7*m - 52 = 3*m, m = -2*h + 23. Suppose 2*r = 7*r - h. What is the highest common divisor of r and 16?
2
Let k be 18/(-36)*(-3 - 1). Let m(h) = h + 17. Let x be m(0). Suppose -2*j + 19 = -x. What is the highest common divisor of j and k?
2
Suppose 0*s + 60 = 5*s. Let y(l) = -l**3 + 11*l**2 - l + 6. Let m = 